*r + 2*u + 102. Suppose 5*i + 5*i = 130. What is the remainder when r is divided by i?
10
Let d(g) = -9*g - 5. Let b be d(-5). What is the remainder when 61 is divided by 850/b - (-1)/(-4)?
19
Suppose 2*u + 3*m = 15, 4*m = 223*u - 221*u - 50. Let j be (-4)/(-18)*123*3. What is the remainder when u is divided by j/10 + (-3)/15?
7
Suppose u + 2*u = 2*y - 28, -5*y + u + 57 = 0. Let l be 13/26*(y - -1). Suppose -3*h + l*h = 18. What is the remainder when 21 is divided by h?
3
Suppose 0 = -4*h + 3 + 13. Suppose -2*s + 0*s + h*n = 0, 0 = -3*n. Let l(u) = -u**2 - u + 12. What is the remainder when 31 is divided by l(s)?
7
Let a be (3 - 0) + 55*-5. Calculate the remainder when 44/(-12) + 4 - a/3 is divided by 31.
29
Let x(y) = -3*y - 2. Let p be x(-2). Let v(u) = -u**3 + 5*u**2 + 8*u - 9. Let f be v(6). Let m = f + p. What is the remainder when 19 is divided by m?
5
Let q(v) = 3*v + 81. What is the remainder when 146 is divided by q(-14)?
29
Let u(w) = w**2 - 3*w + 125. Let h be u(0). Suppose h = 4*z + o, 0*z + 3*o = 5*z - 169. What is the remainder when z is divided by 17?
15
Let j(t) = -2*t + 6 + 2*t**2 - 2*t + 1. Let y be 5/(-3)*99/(-55). What is the remainder when 37 is divided by j(y)?
11
Suppose -l - 4*n + 164 = 0, 2*l + 5*n = 7*l - 845. Suppose -4*t + 708 = l. What is the remainder when t is divided by 17?
16
Let i = -109 + 171. Calculate the remainder when 244 is divided by i.
58
Let i(v) be the first derivative of -2*v**2 - 5*v + 2. Let l(z) = 10*z + 20. What is the remainder when l(6) is divided by i(-8)?
26
Suppose -11*x = -4*x - 21. What is the remainder when 1/(-1) - 10/(-2) is divided by x?
1
Suppose -3 = -6*i - 15. What is the remainder when (-6)/6*-27 - (0 + i) is divided by 11?
7
Suppose 28 = m - 17. Let x = 492 - 484. What is the remainder when m is divided by x?
5
Suppose -3*r - 3*l - 72 = -6*r, l = 3. Let h = 28 + r. Let w(c) = 5*c**2 - 1. What is the remainder when h is divided by w(-2)?
17
Let w(t) = t**2 + 2*t - 1. Let v(m) = 6*m + m**3 - 2*m**2 + 4*m - 2 - 14*m. Calculate the remainder when v(5) is divided by w(-5).
11
Let g(f) = 5*f + 9. Let s(h) = -9*h**2 - 3*h - 4. Let a(t) = 1. Let d(u) = -2*a(u) - s(u). Let b be d(-1). Calculate the remainder when g(b) is divided by 17.
15
Let g(a) = -a**3 + 3*a + 4. Let f be g(-3). Suppose -4*m = -l + f + 1, -92 = -4*l - 5*m. What is the remainder when (1 - 252/(-8))*(-34 - -36) is divided by l?
19
Let r(v) = -v**2 + 12*v - 8. Let w be r(11). Suppose 0*o = -w*o + 30. Calculate the remainder when 37 is divided by o.
7
Let n be (44/(-55))/((-2)/(-110)). Let v = 74 + n. Calculate the remainder when 58 is divided by v.
28
Let l(o) = -2*o - 14. Let w be l(-12). Let h = 49 + w. What is the remainder when h is divided by 22?
15
Let b = 119 - 70. Suppose -8 - 52 = 3*k. Calculate the remainder when b is divided by (-516)/k - 2/(-10).
23
Suppose r + 766 = 3*z - r, 2*r + 510 = 2*z. What is the remainder when z is divided by 66?
58
Suppose 4*n - 8 = -2*u + 2, 2*n + 1 = -3*u. Calculate the remainder when (-2)/(-4) - (-106)/4 is divided by n.
3
Suppose -r = 14 - 14. Suppose -5*j + 4*s - 5*s + 605 = r, -2*j = -s - 249. Calculate the remainder when j is divided by 42.
38
Let j = -8186 - -8198. Suppose -8 = -4*x - 0. Suppose -135 = -3*s - x*m, s + 4*m = -26 + 71. Calculate the remainder when s is divided by j.
9
Let f = -54 + 91. What is the remainder when f is divided by (60/21)/(26/91)?
7
Let j(z) = z**3 + 12*z**2 - 30*z + 4. Suppose 0 = -w - 0*w + 94. Calculate the remainder when w is divided by j(-14).
30
Let r = 50 + -48. Let g(t) = t**2 - 9*t - 33. Calculate the remainder when g(12) is divided by r.
1
Suppose -36*s - 1576 = -40*s. What is the remainder when s is divided by 57?
52
Let r(w) = -w. Let m(l) = 2*l - 4. Let x(u) = -m(u) - 4*r(u). Let v be x(-6). What is the remainder when (30 + 0)/((-12)/v) is divided by 11?
9
Let u(t) = -4*t + 53. What is the remainder when u(-18) is divided by 33?
26
Let k(p) = -p**3 + p - 2. Suppose 12 = -2*v + 4*z, v + v - 5*z = -16. Let h be k(v). Let j = h + 13. What is the remainder when 12 is divided by j?
2
Suppose 4*r - 8636 = 3*n - 1691, -3495 = -2*r - 3*n. What is the remainder when r is divided by 67?
65
Let h(v) = -v**2 + 8*v - 5. Let o(g) = g**2 - 4*g - 7. Let w be o(6). What is the remainder when 25 is divided by h(w)?
5
Let f(y) = -14*y - 4. Let k = -1 + -2. Calculate the remainder when f(k) is divided by (111/4)/3 - 108/(-144).
8
Let d(t) = -7*t + 75. Calculate the remainder when 130 is divided by d(6).
31
Let n(h) = -h**3 + 7*h**2 - 6*h + 4. Let t = -14 + 19. Suppose 2*s = -0*s - 4*o + 4, -3*s + 8 = t*o. What is the remainder when n(s) is divided by 3?
1
Suppose 0 = 34*c - 38*c + 428. Suppose 9*j - 109 = c. Calculate the remainder when (3 - 2) + (0 - -70) is divided by j.
23
Let j = -350 - -372. What is the remainder when 125 is divided by j?
15
Suppose 0 = -2*y + 3*h + 12, -y + 13 = -h - 4*h. Suppose y + 11 = j + 4*z, z = -2*j. Calculate the remainder when 36 is divided by j/(-8) - (-51)/4.
10
Suppose 0 = -265*i + 253*i + 3684. What is the remainder when i is divided by 113?
81
What is the remainder when 5*(-574)/(-70) - (1 - -3) is divided by 1?
0
Let f be ((-11)/2)/(10/4 - 2). Let s(z) = -z**3 - 10*z**2 + 8*z - 18. Calculate the remainder when 29 is divided by s(f).
14
Let b = -374 - -439. Calculate the remainder when 648 is divided by b.
63
Let i(b) = -8*b - 19. Let x be i(13). Calculate the remainder when 2/5 - x/5 is divided by ((-28)/(-8))/(1/4).
11
Calculate the remainder when 129 is divided by (1 + 0/2)/((-12)/(-120)).
9
What is the remainder when (42/70 - 1824/(-10)) + -3 is divided by 62?
56
Let g(p) = -2*p**2 - 19*p - 29. Calculate the remainder when 62 is divided by g(-4).
2
Let j(v) = v**3 - 5*v**2 - 4*v - 4. Suppose -7 = 4*p - 31. Calculate the remainder when 21 is divided by j(p).
5
Let w = -324 - -354. Calculate the remainder when 266 is divided by w.
26
Let g be 12/42 + (-114)/7. Let a be (-2)/4 - (-84)/(-8). Let z = a - g. What is the remainder when 8 is divided by z?
3
Let u(d) = -d**2 + 15*d - 8. Let m be u(14). Suppose -m*v + 10*v = 64. What is the remainder when v is divided by -1 + 7 - (16 + -14)?
0
Suppose -s - 256 = -5*s. Let b = -644 + 666. Calculate the remainder when s is divided by b.
20
Suppose 1 = -3*s + 28. Suppose -26*a = -27*a + 4. Suppose -2*t + 74 = 2*m, 3*m - 4*m = -a*t + 138. Calculate the remainder when t is divided by s.
8
Let i be 2 + (-1 + 333)/4. Suppose 82 = 3*a + 2*w, -2*a - w = -5*a + i. What is the remainder when 81 is divided by a?
25
Suppose -85*a = -88*a + 141. Calculate the remainder when a is divided by 18.
11
Let t(r) = 3*r + 9. Let h(f) = -f**3 - 6*f**2 - 8*f - 11. Let c be h(-5). Let x(o) = 2*o. What is the remainder when t(c) is divided by x(6)?
9
Suppose 2*l = 2*y + 496, 717 + 269 = 4*l - y. Calculate the remainder when l is divided by 2.
0
Let g = 294 - -133. What is the remainder when g is divided by 39?
37
Suppose 35 = 4*x - s, 22 = 2*x + 5*s - 23. Suppose v = 3*v - 5*y - 2, -2*v = -3*y - x. Calculate the remainder when 32 is divided by v.
10
Suppose 5*k - 6*r = -4*r - 16, 0 = -4*k + 5*r - 6. Let c(z) = -z**3 - 3*z**2 + 3*z + 6. What is the remainder when 98 is divided by c(k)?
8
Suppose 2*l + 1 = 7. Suppose -5*a + l*j + 75 = 0, 3*a - 56 = -0*a + 4*j. What is the remainder when a is divided by 3?
0
Let p(u) = u**2 - u. Let r be p(2). Suppose -n - 60 = r*n. Let t = -2 - n. What is the remainder when 53 is divided by t?
17
Let n = -26 + 86. Suppose 4*j - n = -b, -2*b - 36 = -3*j + 9. What is the remainder when j is divided by ((-8)/5)/((-1)/5)?
7
Let u(r) = 6*r - 266. Calculate the remainder when 137 is divided by u(46).
7
Suppose 2*z + 932 = 4*b, -3*b - 4*z - 447 + 1124 = 0. Calculate the remainder when b is divided by 105.
21
Suppose -7*n = 3*v - 4*n - 87, 4*v = -n + 104. What is the remainder when 43 is divided by v?
18
Let s = -13 - -18. Suppose 0*v + s*f - 7 = 3*v, -2*v = 5*f - 12. Let w = 35 - v. Calculate the remainder when w is divided by 9.
7
Let c(t) = -t**3 - 15*t**2 - 17*t - 30. Let k be c(-14). Let q = 1 + 1. Suppose -5*m + k = -u, 6*m - q*u - 9 = m. What is the remainder when 11 is divided by m?
2
Let g = -860 + 863. Suppose -2*o + 8*m + 4 = 5*m, o + 3*m = 11. Calculate the re